 0 = 3*v - 3*c - 66, -20 + 91 = 3*v - 4*c. What are the prime factors of k(v)?
7, 19
Let q(b) = 923*b**2 + 319*b + 88. What are the prime factors of q(5)?
2, 12379
Suppose 16*o + 38 = -3*o. List the prime factors of -4 - (o - 976) - 1.
7, 139
Suppose 0 = l + 1 + 5. Let h be 54/(-24)*40/l. Let n(v) = v**2 - 6*v - 21. List the prime factors of n(h).
2, 3, 19
Suppose -20885 = -1456*q + 1451*q. List the prime factors of q.
4177
Let l be 18896/(-40) - 5 - (-6)/(-10). Let u = -196 - l. What are the prime factors of u?
2, 3, 47
Let f = 46 + -45. Let j be (-8)/6*f/1*-93. Let n = -105 + j. List the prime factors of n.
19
Suppose 2*n - 4*n - 60 = 0. Let f = -25 - n. Suppose -2*b = -3*x - b + 155, 20 = f*b. List the prime factors of x.
53
Let v(g) = -g**3 + 10*g**2 - 12*g + 26. Let u be v(9). Let y(b) = 14*b + 2. Let a be y(u). Let i(r) = -r**2 - 23*r + 1. What are the prime factors of i(a)?
7, 19
Suppose -8288 = -18*m + 103330. List the prime factors of m.
3, 13, 53
Let z(o) = 6*o**2 + o - 41. Suppose 3*t = -3*x + 24, x + 37 = 4*t - 0*x. List the prime factors of z(t).
2, 227
Let t = -2 - -11. Let a(y) = -t + 62*y**2 + 4 + 6. List the prime factors of a(-1).
3, 7
Let v(o) = -o**2 - 16*o - 1. Let c(j) = -j**2 - 8*j. Let m(f) = -5*c(f) + 2*v(f). Suppose -s - 6 = 0, -2*s + 8 = -2*h - 2*h. What are the prime factors of m(h)?
3, 11
Let s = 2547 + 19142. List the prime factors of s.
23, 41
Let f(l) = -11*l**3 - 81*l**2 + 104*l + 25. Let s(x) = 5*x**3 + 40*x**2 - 52*x - 14. Let w(p) = 6*f(p) + 13*s(p). List the prime factors of w(32).
2, 11
Suppose 5*n + 6812 = -5*m + 18212, 5*n + 3*m = 11398. List the prime factors of n.
43, 53
Let w(m) = -36 + 11*m + 5*m**3 + 6 - 4*m**2 - 6*m**3 + 18*m**2. List the prime factors of w(7).
2, 3, 5, 13
Let w(n) be the first derivative of n**4/4 - 16*n**3/3 - 13*n**2/2 + 8*n - 18. Let i be w(16). Let c = i + 371. List the prime factors of c.
3, 19
Suppose 0 = 10*r - 42054 + 3974. What are the prime factors of r?
2, 7, 17
Let c(i) = -i**3 + 10*i**2 + 17*i - 13. Suppose 2*m - 37 = 5*l, 2*m + 2*l = 6*l + 32. Let k be 10/(-5)*(1 - m). What are the prime factors of c(k)?
157
Suppose 4*m = 2*i - 28366, -20207 - 8159 = -2*i + 3*m. What are the prime factors of i?
13, 1091
Suppose -30*a + 10*a = 23*a - 19651. What are the prime factors of a?
457
Let m = 178 - 91. What are the prime factors of -395*(m/(-60) - (-6)/24)?
2, 3, 79
Suppose 2*p = 6*v - 18744 - 313486, -4*v + 2*p + 221492 = 0. List the prime factors of v.
17, 3257
Let r(z) = -212*z + 14. Let j(y) = 19*y - 1. Let h(n) = 12*j(n) + r(n). Let u be (17/(-4))/((-2)/8). List the prime factors of h(u).
2, 137
Let k(h) = -85*h**3 - 3*h**2 + 4. Let o be k(-2). Suppose -10*f + o - 52 = 0. Suppose -10*j - f = -11*j. What are the prime factors of j?
2, 31
List the prime factors of (124/(-8) - -15)/((-1)/45456).
2, 3, 947
Suppose 5*j = -u + j - 8, -5*u = 2*j + 112. Let r be 6/(-33) + u/(-11). Suppose -w + 403 = 5*m, -m + r*m - 5*w = 91. What are the prime factors of m?
3
Let z be -187 + -10*(-32)/40. Let b = z - -492. What are the prime factors of b?
313
Suppose -11*j = 7*j - 81054. Suppose 0 = -18*p + j + 3525. What are the prime factors of p?
2, 223
Suppose 3*v - 4812 = -6*u + u, 0 = v - 4. Let f = -574 + u. List the prime factors of f.
2, 193
Let z(l) = -14*l**3 + 372*l**2 + 42*l - 87. What are the prime factors of z(21)?
3, 11731
Let b = -12 - -15. Suppose m = -5*o + 9, o + 3*m - b = -2*o. List the prime factors of (-75)/20*-6*o.
3, 5
List the prime factors of (-8)/((-64)/77656) - 5.
2, 3, 7, 11
Let t be -3 + 6414/42 - (-2)/7. Suppose 24 - t = -6*p. Suppose -p*o + 16*o = -25. What are the prime factors of o?
5
Let l(f) = 1350*f + 5614. List the prime factors of l(15).
2, 53, 61
Let l(y) = -2*y**2 + 2*y + 8. Let x be l(-2). Let i(s) = s**2 - 3 + 1 + 5*s - 2*s. What are the prime factors of i(x)?
2
Suppose -9*x + 5*x - 2*t = -33596, t = 4*x - 33584. List the prime factors of x.
3, 311
Let c = -9 + 240. Let g be 3/12 - 2345/20. Let x = c + g. What are the prime factors of x?
2, 3, 19
Let d(n) = -n**3 + 9*n**2 + 8*n + 22. Let c be d(10). Suppose -c*t + 1552 + 60 = 0. List the prime factors of t.
2, 13, 31
Let k(h) = -97*h - 29. Let a be k(-14). Suppose -a = -68*z + 65*z. Let p = z + -275. List the prime factors of p.
2, 3, 7
Suppose -78 = f - 4*f. Suppose f + 39 = 5*k. Suppose 12*l = k*l - 171. What are the prime factors of l?
3, 19
Let v = -28 - -30. Suppose -2*o - v*o = -12. What are the prime factors of 152 - 3/(2/(-1 + o))?
149
Suppose -18*y - 4*y - 60757 + 1411183 = 0. List the prime factors of y.
3, 7, 37, 79
Suppose -2*t - 4*q + 436 = 0, 5*t - 5*q - 243 - 802 = 0. Let o be 30/(-8)*24/9. List the prime factors of (0 + t/(-8))*o.
5, 53
Let b be (-4 - 1*-1) + (-38 - -45). Suppose -5*z + 20 = w, w + b + 0 = z. List the prime factors of -2 - w - (-3 - -1) - -98.
2, 7
Suppose 140 = -5*i + 33*i. Suppose -y + c + 122 = 0, 2*y - 148 = -i*c + 110. What are the prime factors of y?
2, 31
What are the prime factors of 2 + (104763/15 - 13/65)?
2, 7, 499
Suppose -72*c + 2552 = -61*c. Suppose 11776 = c*r - 216*r. What are the prime factors of r?
2, 23
Let z = 79 + -78. Let m be (z/(-6)*0)/(-4). Suppose -692 = -4*b - m*b. What are the prime factors of b?
173
Suppose 10*n = 5*a + 12*n - 37, -5*n - 16 = -3*a. Suppose a*w = 16*w - 4212. What are the prime factors of w?
2, 3, 13
Let h = 900 + -292. Suppose -v - 160 = -h. Suppose 142 - v = -5*n - x, 2*x - 2 = 0. List the prime factors of n.
61
Let u(k) = -2*k**3 - 13*k**2 + k - 42. Let x be u(-7). What are the prime factors of 16/88 - (-12714)/11 - x?
2, 17
Let j = -1825 + 4272. List the prime factors of j.
2447
Suppose 4*f - 6*o = 23732, 2*o = -2*f - 3*f + 29722. What are the prime factors of f?
2, 2971
Suppose 2*k + 18 = -7*k. Let d be (((-16)/10)/2)/(k/210). List the prime factors of d/5*(7 + -2).
2, 3, 7
Let p = 75 + -46. Let h = 630 - 607. Let u = p - h. What are the prime factors of u?
2, 3
Let n = -51 - -54. Suppose 1280 - 245 = n*w. What are the prime factors of w?
3, 5, 23
Let n = -291 + 261. List the prime factors of (400 - -2)*n/(-45).
2, 67
Suppose -i - 41907 = -3*w, 2*w - 27924 = 256*i - 260*i. What are the prime factors of w?
2, 3, 97
Suppose -533 = -6*y + 2545. Suppose y*b + 1160 = 517*b. List the prime factors of b.
2, 5, 29
What are the prime factors of 20 + (-695875)/(-57) - (-1)/(-3)?
2, 3, 1019
Let n = 29937 - 12116. What are the prime factors of n?
71, 251
Let i(x) = 182*x**2 - 3*x - 5. Suppose -3*k = 4*k - 21. Let f(c) = 61*c**2 - c - 2. Let v(g) = k*i(g) - 8*f(g). What are the prime factors of v(1)?
2, 29
Let t(l) = -10 + 4*l**2 + 20*l - l**2 + 25*l - 49*l. Let i = -6 - -1. What are the prime factors of t(i)?
5, 17
Let r(l) = 1118 - l - 1146 - 6*l. Let q be 143/(-11) + 0 + -1. List the prime factors of r(q).
2, 5, 7
Let w = -113 - -74. List the prime factors of (-3)/(0 + 1) - (w + -445).
13, 37
Let v(y) = 3665*y - 7326*y + 3669*y - 4. Suppose -4*c = -2*c - 10. List the prime factors of v(c).
2, 3
Suppose -5*n + 13*y + 62386 = 12*y, 0 = 3*n + 4*y - 37450. List the prime factors of n.
2, 17, 367
Let b(q) be the second derivative of -q**5/4 - 7*q**4/6 - 4*q**3/3 - 53*q**2/2 + 167*q. List the prime factors of b(-7).
2, 3, 43
Suppose -5*v - 9*v + 147784 = 0. Suppose 6799 = 13*k - v. What are the prime factors of k?
3, 5, 89
Suppose -469 = -p + 5*c + 1419, -1868 = -p + c. Let q be ((-14)/21 - (-2)/3) + 4. Suppose 5*o = -q*o + p. What are the prime factors of o?
3, 23
Suppose -14*m + 7*m - 18915 = -20*m. What are the prime factors of m?
3, 5, 97
Suppose -2*y - 7228 - 3568 = -2*s, 21652 = 4*s + 8*y. List the prime factors of s.
3, 1801
Suppose 14*k - 107413 + 13970 = -11025. What are the prime factors of k?
7, 29
Suppose -5*h = 3*y + 2*y - 20380, 0 = -4*h - 16. Suppose -12*v + y = 12*v. What are the prime factors of v?
2, 5, 17
Let m(o) = o**3 - 17*o**2 + 9*o - 86. Let u be m(17). Suppose 221 = 3*i - u. List the prime factors of i.
2, 3
Let s(x) = -x**2 - 2*x + 1. Let r be s(0). Let h be ((-1807)/(-65))/(r/5). Let g = h + -99. What are the prime factors of g?
2, 5
Suppose -2*a + 4*l + 19460 = 0, -34286 - 4648 = -4*a - 6*l. What are the prime factors of a?
2, 3, 811
Let o be 3 + -1 + -21 + 8. Let t be 48/36*o*3/2. List the prime factors